factors of u?
2, 7, 73
Let w be -21 + 2888 - 8/(0 - -2). Suppose 4*c - 597 = w. List the prime factors of c.
5, 173
Let f be 741*((-10)/(-15) - 1). What are the prime factors of 25/(-75) - f/3?
2, 41
Let r be (-630)/(-245) + (12/(-14))/(-2). Suppose -2*d + 52 = -f, -4*f = r*d - 3*f - 78. Suppose -28*o + 616 = -d*o. List the prime factors of o.
2, 7, 11
Suppose w - 42*l = -44*l - 67, 2*l = 5*w + 371. Let a = w - -762. List the prime factors of a.
13, 53
Let t = -40 + 38. Let u be t/(-4) - (3 - (-1845)/(-10)). Suppose 3*p - 103 - u = 3*f, -4*p + f = -395. List the prime factors of p.
2, 5
Let g be ((-1)/2)/(13/26). What are the prime factors of (g/(-3))/((-10)/(-90)) - -676?
7, 97
List the prime factors of 567666/33 - (2 - 3).
17203
Let i(g) = -23 + 7*g**2 - 3 + 0*g**2 + 3*g - 9*g. What are the prime factors of i(8)?
2, 11, 17
Let h(q) = -6*q**3 - 4*q**2 + q - 8. Let r be h(4). Let y be (3*-1 - (1 + r)) + 3. Suppose -3*d = -2*f - y, d - 3*d + 300 = -2*f. List the prime factors of d.
151
Suppose 3*b + 4 = -5*a, -3*b - 4*a = b. Let h(v) = 2 - 13*v + 11*v**b - 4*v**2 + 4*v**2 - v**3. What are the prime factors of h(9)?
47
Suppose 4*r - s + 0*s = 20, 2*r = -s + 4. Let t be (4 - r)*3/9. Suppose 0 = o + 3, 2*i + 4*o - 2*o - 166 = t. What are the prime factors of i?
2, 43
Suppose 9 + 61 = -14*h. List the prime factors of (-122)/(-305) + (-3918)/h.
2, 7
Suppose -183*m + 4917578 + 387043 = 0. What are the prime factors of m?
7, 41, 101
Let u(d) = -2*d**2 - 7*d - 2. Let z be u(-1). Suppose z*l = 5*b + 773, -6*l + 2*l + 984 = 5*b. What are the prime factors of l?
251
Let l = -49 + 70. Suppose 4*g - 3*j - 15 = l, j - 2 = -g. Suppose -647 = -g*v + 553. What are the prime factors of v?
2, 5
Suppose -11*y + 7*y + 8596 = 0. Let r = y - 1216. List the prime factors of r.
3, 311
Let f = 37 + -35. Suppose f*k - 3224 = 142. Suppose -17*x + 8*x + k = 0. List the prime factors of x.
11, 17
Let j(n) = 602*n**3 - 10*n + 603*n**3 - 13*n**2 + 6 - 5*n**2 - 1207*n**3. List the prime factors of j(-11).
2, 3, 5
Suppose 8*m = 87 - 63. Suppose 2*q = -m*q + 1960. What are the prime factors of q?
2, 7
Let r(q) = -102*q**3 + 4*q**2 + 4*q. Let g be r(-1). Let a = g - -61. List the prime factors of a.
163
Suppose -24 = -x - 3*w + 93, 5*x - 585 = 5*w. Let d = 136 - 23. Suppose 2*n - 5*u = x, 2*n - d = 3*u + 6. List the prime factors of n.
61
Let h be 1*(-1)/(8/(-72)). Let j(z) = 14*z**2 - 40*z + 288. What are the prime factors of j(h)?
2, 3, 59
Suppose 7*i = 4*f + 20389, -3*i - 619*f + 8718 = -614*f. What are the prime factors of i?
41, 71
Let q(z) = -3*z**2 - 5*z - 13. Suppose 0 = 12*f - 8*f + 28. Let b be q(f). Let j = 13 - b. List the prime factors of j.
2, 3, 23
Let j(c) = 180*c**2 + 14*c - 6. What are the prime factors of j(3)?
2, 3, 23
Let h(j) = 3*j**2 - 5*j - 17. Let v be h(-5). Let i = 87 - v. Suppose 0 = 5*s + 3*k - 723, i*k = -s - k + 127. List the prime factors of s.
3, 7
What are the prime factors of (-14806)/(6/(15/(-5)))?
11, 673
Suppose 10*f - 6*f = 4*h + 83932, 4*f + 4*h - 83940 = 0. List the prime factors of f.
2, 43, 61
Suppose 32*n - 2800 = -3*n. What are the prime factors of 0 - 1 - n/(-2)?
3, 13
Let m(l) = -91*l - 22. Let d be m(-8). Suppose 0 = 4*i - 4*z - 572, -2*i - 4*z + d = 3*i. List the prime factors of i.
2, 71
Let m be -1 - (48/(-4))/3. Suppose -4*b = -f + 5*f - 140, -112 = -4*b + m*f. Suppose -4*c - 17 = -4*q + b, q - 4 = 5*c. List the prime factors of q.
2, 7
Suppose -3*c + 27 = 2*l - l, 0 = -2*l + c + 33. Suppose -l*s = -2*s - 6000. List the prime factors of s.
3, 5
Suppose -26*x + 2280264 = 121*x. What are the prime factors of x?
2, 7, 277
Let j(f) = 73*f**2 + 347*f - 3984. What are the prime factors of j(12)?
2, 3, 11
Let p(a) = a**2 - 15*a - 339. What are the prime factors of p(38)?
5, 107
Let c be (-3 - (-75268)/68) + 4/34. Suppose 228 = 3*j - c. Let d = j + -229. List the prime factors of d.
5, 43
Suppose -3*l = -w - 84256, 5*l + 75*w - 70*w = 140400. List the prime factors of l.
2, 7, 17, 59
Let f(l) = 3*l - 28. Let h be f(11). Suppose -h*k - 224 = 3*v, v + 36 = 2*k - 24. Let r = 96 - v. What are the prime factors of r?
2, 41
Let b = 256 - 254. Suppose -5*f - 1815 = 8*y - 13*y, -4*y = -b*f - 1450. List the prime factors of y.
2, 181
Let x(c) be the first derivative of 139*c**3/6 - 3*c**2 + 44*c - 3. Let u(w) be the first derivative of x(w). What are the prime factors of u(1)?
7, 19
Suppose -5*y = -3*c + 40, -3*c + 4*y + 4 = -37. Let o(v) = -v**2 + 206. Let b be o(12). Let z = b - c. What are the prime factors of z?
47
Suppose -8*m - 3*r + 1696 = -6*m, 4*m + 4*r - 3400 = 0. Suppose 0 = -3*f + 712 + m. List the prime factors of f.
2, 3, 29
Suppose -5*m - 4*h + 14729 = 0, -2999*m = -2998*m - 3*h - 2923. List the prime factors of m.
17, 173
Let h(i) = 17*i + 22 - 7*i + i**2 - i. Let c be h(-5). Suppose -650 = -3*y - c*y. What are the prime factors of y?
2, 5, 13
Let t be 4/26 - (-518)/182. List the prime factors of t/(45/2) + 143530/150.
3, 11, 29
Let k be (15 - (-2)/(-1)) + -3. Suppose -g - 3*w = w - 19, w = -2*g + k. Suppose 4*q + 512 = d + 4*d, -9 = g*q. What are the prime factors of d?
2, 5
Let j = 48 + -58. Let m = -15 - j. Let x(d) = -20*d - 3. List the prime factors of x(m).
97
Let u(d) = -25*d - 29 - 2*d**2 + 9*d + 44*d. Let l be u(13). List the prime factors of (-376)/(-3) - (3 - (-11)/l).
2, 3, 7
Let z = 55778 - 30165. What are the prime factors of z?
7, 3659
Suppose 0 = 5*p - 5, 0 = -u - 2*u - 4*p + 14047. What are the prime factors of u?
31, 151
Let c be 13 - (-35)/(-3) - (-11)/3. Suppose -g = c*z - 0*z - 5787, -5*z = -4*g - 5777. What are the prime factors of z?
13, 89
Let y = 8594 - 3465. What are the prime factors of y?
23, 223
Suppose 2*z + 16 - 6 = 0. What are the prime factors of 119/(7/(z - -12))?
7, 17
Let v = 21804 - 4056. List the prime factors of v.
2, 3, 17, 29
Suppose -2228592 - 1490916 - 2622492 = -168*h. What are the prime factors of h?
2, 5, 151
Let h be ((-3080)/49)/((-4)/28). What are the prime factors of h + -2*4/2?
2, 109
What are the prime factors of (96/(-80))/((-4)/(-5))*56188*-1?
2, 3, 11, 1277
Suppose -5*p + 26355 + 83680 = 5*b, 0 = -p + b + 21997. What are the prime factors of p?
2, 3, 19, 193
Let k = -1710 + 3110. What are the prime factors of k?
2, 5, 7
Suppose 0 = -h + 64 + 44. Suppose 6*j + 0*j = h. Let u = 31 - j. What are the prime factors of u?
13
Let j(h) = 4*h + 19. Let f be j(-13). Let g(b) = -b - 2. Let c be g(2). What are the prime factors of (-366)/c - f/22?
3, 31
Let m(q) = -q**2 - 36*q - 148. Let g be m(-31). What are the prime factors of (-56)/g - -1 - -235?
2, 3, 19
Let f be (-10 + 11)/(20/7 + -3). What are the prime factors of (14/f - 2)/(2/(-269))?
2, 269
Suppose -3*p + 293 = -s - 28, -5*p + 2*s + 534 = 0. Suppose -128*t = -p*t - 14240. What are the prime factors of t?
2, 89
Let q be 72/(-27) + 4 - 2752/(-6). Let d = 422 + q. What are the prime factors of d?
2, 3, 7
Let n(g) = g + 24. Let p be n(-12). Let w = p + -10. Suppose -2*k + 0*h + 30 = h, 0 = -w*k + 3*h + 14. What are the prime factors of k?
13
Let d(a) = 12*a**2 - 5*a. Let v be d(4). Let s be ((-200)/25 - -9)/((-4)/(-6) + -1). List the prime factors of 0 - v/s - 2/6.
3, 19
Let i be (1 + -6)*(-48)/60. Suppose i*f + 760 = 2*s, -3*s + f = -5*s + 750. List the prime factors of s.
2, 47
Let z(f) = 236*f - 87. Let d be ((-75)/100)/(3/(-8)). List the prime factors of z(d).
5, 7, 11
Let n be -1*(-2)/(-6)*(-509 + 2). Let u = n - 79. Let g = u - 38. List the prime factors of g.
2, 13
Let i(o) = -4*o**2 - 15*o + 2*o**3 + 160 + 13*o + 3*o**2 + 0*o**2. List the prime factors of i(0).
2, 5
Suppose -3*j - 488 = 5*q, -4 = 3*q - 19. Let r = 307 + j. What are the prime factors of r?
2, 17
Suppose -18*p + 252055 = 39313. What are the prime factors of p?
53, 223
Suppose -46*r + 95 - 463 = 0. Let v(b) = -2*b**3 - 6*b**2 - 14*b - 8. What are the prime factors of v(r)?
2, 3, 31
Let r(j) = -652*j + 8678. List the prime factors of r(-61).
2, 3, 5, 17, 19
Let c be (31/(-3) + 1)*(-3 - 0). Let w = 26 - c. What are the prime factors of 1202/12 + w/(-24)*-2?
2, 5
Suppose 0*x - 3 = -x. Suppose h + x + 3 = 0. List the prime factors of 720/56*(-28)/h.
2, 3, 5
Suppose -4*n = -4*j - 158218 + 48962, 3*n - 81952 = -2*j. List the prime factors of n.
2, 6829
Suppose 